test common divisor of 3 and c.
1
Let j(v) = 6*v**2 - 20*v - 11. Let d be j(7). Suppose -2*g + 106 = -4*w, -2*w + d = -g + 4*g. Calculate the greatest common factor of 196 and g.
49
Suppose -9*d + 3654 = -0*d. Let r = d - 382. What is the highest common divisor of 72 and r?
24
Let b be (-432)/(-80) - (-3)/5. Suppose -4*s = -2*p + b*p - 348, 3*p = -2*s + 177. Calculate the highest common divisor of 24 and s.
12
Suppose -w + 4*n = -375, 3*w = 5*n - 1181 + 2285. What is the greatest common divisor of 484 and w?
121
Let l(r) = r**3 - 6*r**2 + 5*r - 5. Let h be l(10). Let m = -159 + h. Let f be 3/(9/2) + m/39. Calculate the greatest common factor of f and 40.
8
Let x be (-5 + (-206)/(-6))*117/(-24)*-2. Calculate the greatest common factor of x and 583.
11
Let y = 13720 + -13719. What is the greatest common divisor of y and 311?
1
Let a be (-2 - 12/(-8))*-6. Suppose -a*d = -4*m + 8, 3*m = -4*d + 2*m + 21. Let f = 182 - 172. What is the greatest common factor of f and d?
2
Suppose -5*t + 1768 = i - 256, -2*i + 403 = t. Calculate the highest common divisor of 555 and t.
15
Suppose -2*z - 10*z - 72 = 0. Let w(i) = 2*i**3 + 13*i**2 + 3*i - 1. Let x be w(z). What is the greatest common factor of x and 1513?
17
Let d(z) = 2*z**2 - 3*z - 3. Let o be d(-1). Let t be (33/(-2))/(-3)*o. Calculate the highest common divisor of 11 and t.
11
Let j = -6535 + 6538. Suppose 0 = -2*h - 3*a + 42, -2*a = 4*h - a - 104. Calculate the highest common divisor of h and j.
3
Let l = 500 + -498. Suppose -3*q - 2*i + 19 = 0, -l*q - i + 14 = -0*i. Calculate the greatest common divisor of 3 and q.
3
Suppose 4*i - 5*k + 51 = 0, 3*i + 46 = 6*k - 10*k. Let z = i - 7. Let s = 33 - z. Calculate the highest common factor of s and 27.
27
Let i be (-57)/(-684) - (3 + 23110/(-24)). What is the greatest common factor of 90 and i?
30
Suppose -92 - 52 = -2*j. Let z be -32*(18/12 + (-5 - -2)). What is the highest common factor of z and j?
24
Suppose 4*h + 51 = 3*a, 3*a = 3*h + 41 - 2. Let x be (-1*350/28)/(2/h). What is the highest common factor of x and 100?
25
Suppose 22 = -7*c + 876. Calculate the highest common factor of 2 and c.
2
Let d be (-1 - 1)/((-3 + 7)/(-4)). Suppose d*h - h = -2*z + 34, -z + 3 = 4*h. Calculate the greatest common factor of 76 and z.
19
Let m = -51 + 6. Let d = -2112 + 2094. Let z be (d/m)/(2/40). What is the greatest common factor of z and 20?
4
Suppose 2*a + 3*u - 75 = 19, -u = -4*a + 202. Suppose 6*b + 10 = 4*b. Let d be ((-440)/a)/(1/b). What is the highest common factor of d and 11?
11
Suppose 3*y + 51 = 84. Suppose -p - 197 = -2*a, 4*a - y*p + 14*p = 399. Let v be (-44)/6*12/(-8). What is the greatest common divisor of v and a?
11
Let y(z) = 2*z**2. Let b be y(1). Suppose b*t = 91 + 287. What is the greatest common factor of 81 and t?
27
Suppose 0 = -65*t + 1081 - 41. Let d = 194 - 106. Suppose -32 = -3*g + d. What is the highest common factor of t and g?
8
Let l = 51 + -40. Let k(v) = -v + 13. Let t be k(l). Suppose t*q - 2*p - 126 = 0, 32 = 4*q - 3*p - 222. Calculate the highest common factor of 26 and q.
13
Suppose -17*q = -15*q - 5*g - 31, -g = -2*q + 27. Let d(l) = -4*l**2 + l - 1. Let c be d(1). Let j = q + c. What is the highest common factor of j and 6?
3
Suppose 4*x = -28 + 128. Suppose 6054 + 10146 = 10*m. Suppose 1200 = m*j - 1614*j. Calculate the highest common factor of x and j.
25
Suppose v = 2*v - 48. Let h be 84 - 10 - (144/(-80))/((-9)/(-30)). What is the greatest common factor of v and h?
16
Let y = 7674 - 6827. What is the highest common divisor of 2233 and y?
77
Suppose -217 + 622 = 5*v. Suppose 3*a = 5*m + 264, -3*a + 288 = 7113*m - 7116*m. Calculate the highest common factor of a and v.
27
Let p(n) = -4*n**2 - 29*n - 3. Let t be p(-7). Let h(w) = 6*w + 6. Let b = 37 + -32. Let a be h(b). What is the greatest common divisor of a and t?
4
Suppose b + 2 = 0, 3*o + 0 = b + 17. Let n(u) = u**3 + 3*u**2 - 5*u - 9. Let m = -261 + 259. Let x be n(m). Calculate the greatest common factor of o and x.
5
Let x = -24215 - -24680. What is the highest common divisor of x and 45?
15
Let q be 32/144 + 19839/27 + -6. What is the highest common divisor of q and 153?
9
Let y(n) = 16*n**3 - 31*n**2 + 90*n - 939. Let a be y(11). What is the highest common divisor of 636 and a?
212
Let q = 1551 + 449. Calculate the highest common factor of q and 80.
80
Let y be (7 + (-54)/9)*(222 - -1). Suppose -a + y = 193. What is the greatest common divisor of a and 45?
15
Let c = 4853 - 4843. Calculate the greatest common factor of 3590 and c.
10
Let g = 56 - 34. Let d be (-4 - (-140 - 6)) + -5 - 1*5. Calculate the highest common divisor of g and d.
22
Suppose -49 = -2*w + 9. Suppose 0 = -16505*q + 16487*q + 4176. What is the highest common factor of w and q?
29
Let b = 86 - -40. Let u be (-3 - 1)/(-1) + -2. Suppose -k - 14 = -u*k. Calculate the greatest common factor of k and b.
14
Suppose -1648 = -3*x + n, -3*n + 2180 = -0*x + 4*x. Suppose 4*l = 3*h - 4*h + 1068, 2*l - x = -4*h. What is the highest common divisor of l and 152?
38
Let z be (-4)/((-4)/15) - (-1 + 6). Suppose -8*k + 4*k - 5*c = -52, -k = 2*c - z. Calculate the highest common divisor of k and 2.
2
Suppose -7*m + 1024 = -2*m - 4*p, -4*m - 4*p + 776 = 0. Calculate the highest common divisor of m and 450.
50
Suppose 3*b + 2 = 4*b, 0 = 2*a - 2*b. Let h be a*-1 + (-4)/(-2). Suppose -u = -h*u - 18. What is the greatest common divisor of u and 126?
18
Let j be ((-36)/126)/(0 + (-1)/(-7)). Let k(s) = -10*s - 14. Let x be k(j). Let t(y) = 5*y - 10. Let i be t(8). Calculate the highest common divisor of x and i.
6
Suppose -187*n + 1025 + 1670 = 58*n. What is the highest common factor of n and 143?
11
Suppose -32*p + 342 + 266 = 0. What is the highest common factor of p and 608?
19
Let o(h) = -2*h**2 + 47*h + 32. Let p be o(24). Suppose -2*t + 50 = 2*j, -6*t - 5*j = -p*t + 57. What is the greatest common divisor of t and 39?
13
Suppose 40 = -4*z - l, 4*z - 9 = 3*z - 5*l. Let n(q) = -4*q - 28. Let s be n(z). Calculate the highest common factor of 208 and s.
16
Let s = -385 - -368. Let b(c) = -c**2 - 15*c + 58. Let y be b(s). What is the highest common divisor of 114 and y?
6
Suppose 3*v = 5*n - 89 - 640, 0 = n - 4*v - 139. Suppose -s - n = -4*k, -k + 122*s - 118*s + 33 = 0. What is the greatest common factor of k and 1?
1
Suppose 21*i = 8*i + 104. Suppose -r - 8 = 5*o, 2*o + 18 = i. Calculate the greatest common divisor of 272 and r.
17
Let u = 229 + -143. Suppose -o + 130 = k, 0 = k - 5*o - u - 38. Let a = k + -79. What is the greatest common factor of a and 20?
10
Let y = -19038 - -19488. What is the greatest common divisor of y and 1044?
18
Let z be (-4 - -9) + -5 + (-7038)/(-6). What is the highest common factor of z and 408?
51
Let s = -711 - -1098. Let o be s + (9 - 9 - (-3 - 1)). Calculate the highest common divisor of o and 23.
23
Let q(m) = m**2 - 43*m. Let w be q(43). Let j(h) = -38*h - 4. Let k be j(-3). Let s be k/(-4)*(w + -8). Calculate the greatest common divisor of 20 and s.
20
Suppose 61*s - 47156 = -3785. Calculate the greatest common divisor of 158 and s.
79
Suppose 9*n = 11*n - 12. Let x be 8/(-3 + n - 28/10). Calculate the highest common divisor of x and 180.
20
Let d = -31 - -36. Let z(m) = m**3 + 9*m**2 - 12*m - 4. Let f be z(-9). Let x = f - 69. Calculate the greatest common divisor of x and d.
5
Suppose -7*g - 3*y = -5*g - 117, -2*g + y = -121. Let w(u) = 5*u - 2*u + 469 + 3*u**2 - 481. Let i be w(-4). Calculate the highest common divisor of g and i.
12
Let n = 49 + -19. Let z = -907 + 534. Let k = z + 403. Calculate the highest common factor of k and n.
30
Suppose -12108 - 65021 = -132*l + 28339. What is the greatest common divisor of l and 153?
17
Let b = 1 + 11. Let z be -111 - (-1 + (9 - 6)). Let h = -65 - z. What is the greatest common divisor of h and b?
12
Let t(k) = 4*k**2 - k**2 - 5*k**2 - 6*k + 3*k**2 - 10. Let a = -729 - -737. Let r be t(a). Calculate the greatest common factor of r and 3.
3
Let f(j) = -j**3 + 14*j**2 - 14*j + 17. Let p be f(13). Suppose p*i = -2*x + 92, 0*x + 5*x = -i + 248. What is the greatest common divisor of 125 and x?
25
Let t(d) = -2*d**3 - 33*d**2 + 9*d + 16. Let y be t(-18). Calculate the greatest common factor of y and 354.
118
Let j = 34 + -14. Let y